97 and 18.
9
Calculate the greatest common factor of 493 and 87.
29
What is the greatest common divisor of 1881 and 6688?
209
What is the highest common divisor of 16 and 24736?
16
Calculate the greatest common divisor of 156 and 37284.
156
Calculate the highest common divisor of 70 and 630.
70
What is the greatest common factor of 207 and 1679?
23
What is the highest common factor of 230 and 138?
46
What is the highest common divisor of 657 and 9?
9
What is the highest common divisor of 224 and 6?
2
Calculate the greatest common factor of 1457 and 376.
47
What is the greatest common divisor of 464 and 1566?
58
What is the highest common factor of 48 and 264?
24
What is the greatest common divisor of 90 and 855?
45
What is the greatest common divisor of 361 and 19?
19
Calculate the highest common divisor of 484 and 18.
2
Calculate the highest common factor of 510 and 78.
6
Calculate the greatest common divisor of 355 and 5.
5
What is the greatest common factor of 276 and 1035?
69
Calculate the greatest common factor of 14 and 134.
2
What is the highest common divisor of 384 and 2128?
16
Calculate the highest common divisor of 114 and 15.
3
What is the greatest common divisor of 342 and 9?
9
Calculate the highest common divisor of 151 and 1.
1
Calculate the highest common divisor of 864 and 72.
72
Calculate the greatest common divisor of 14915 and 157.
157
What is the highest common divisor of 29595 and 30?
15
What is the greatest common factor of 7 and 56?
7
What is the greatest common factor of 1536 and 448?
64
Calculate the highest common divisor of 33 and 11.
11
What is the highest common factor of 2940 and 24?
12
What is the highest common factor of 38 and 798?
38
Calculate the greatest common factor of 5352 and 24.
24
What is the highest common divisor of 65 and 2665?
65
Calculate the greatest common divisor of 17 and 153.
17
Calculate the highest common divisor of 45828 and 36.
36
What is the highest common divisor of 18 and 68?
2
What is the greatest common divisor of 2338 and 1837?
167
What is the greatest common factor of 476 and 170?
34
What is the greatest common factor of 4851 and 630?
63
What is the highest common divisor of 19 and 1501?
19
Calculate the greatest common divisor of 960 and 20.
20
Calculate the greatest common divisor of 377 and 26.
13
What is the highest common factor of 97 and 54611?
97
Calculate the greatest common divisor of 9477 and 39.
39
What is the highest common factor of 2025 and 150?
75
Calculate the greatest common factor of 48 and 33.
3
What is the greatest common divisor of 171 and 6381?
9
Calculate the greatest common factor of 25 and 1755.
5
What is the highest common factor of 72 and 9000?
72
Calculate the greatest common divisor of 18 and 387.
9
What is the highest common factor of 24193 and 52?
13
Calculate the highest common factor of 86220 and 180.
180
What is the highest common factor of 133 and 14?
7
What is the greatest common divisor of 35 and 5?
5
Calculate the greatest common divisor of 1803 and 3.
3
What is the highest common factor of 18444 and 424?
212
What is the highest common divisor of 32 and 16?
16
What is the highest common divisor of 68 and 221?
17
Calculate the highest common divisor of 360 and 40.
40
What is the highest common factor of 22 and 4862?
22
Calculate the highest common factor of 102 and 51.
51
What is the greatest common factor of 1 and 2?
1
Calculate the greatest common divisor of 44 and 286.
22
Calculate the highest common divisor of 31 and 961.
31
What is the highest common factor of 996 and 108?
12
What is the highest common factor of 30 and 70?
10
Calculate the greatest common divisor of 35659 and 169.
169
Calculate the highest common factor of 240 and 420.
60
What is the highest common divisor of 9 and 35?
1
What is the greatest common factor of 8 and 10616?
8
What is the greatest common factor of 18 and 62?
2
What is the greatest common factor of 58 and 319?
29
What is the greatest common divisor of 312 and 78?
78
What is the greatest common divisor of 24 and 6978?
6
What is the greatest common factor of 33 and 506?
11
What is the greatest common factor of 75 and 2575?
25
Calculate the greatest common factor of 106 and 3922.
106
Calculate the greatest common factor of 3592 and 8.
8
What is the highest common divisor of 330 and 1290?
30
What is the highest common divisor of 1155 and 42?
21
Calculate the greatest common factor of 7536 and 2983.
157
What is the greatest common divisor of 26 and 18?
2
What is the greatest common factor of 204 and 384?
12
Calculate the highest common factor of 6024 and 96.
24
What is the highest common factor of 5052 and 60?
12
Calculate the greatest common divisor of 14 and 966.
14
What is the greatest common factor of 63 and 42?
21
Calculate the highest common divisor of 387 and 16641.
387
What is the highest common divisor of 2839 and 85?
17
Calculate the highest common divisor of 2 and 41.
1
Calculate the highest common factor of 56 and 40.
8
Calculate the highest common factor of 2 and 15182.
2
What is the greatest common divisor of 20 and 3940?
20
Calculate the highest common factor of 132 and 13596.
132
Calculate the highest common factor of 190 and 15.
5
What is the highest common divisor of 45 and 7380?
45
Calculate the greatest common divisor of 46 and 3266.
46
What is the highest common divisor of 348 and 435?
87
Calculate the greatest common factor of 91 and 11921.
91
What is the greatest common factor of 171 and 95?
19
What is the highest common factor of 42 and 8253?
21
What is the greatest common factor of 31 and 3131?
31
What is the greatest common factor of 19 and 1425?
19
Calculate the highest common factor of 874 and 152.
38
What is the greatest common divisor of 391 and 23?
23
What is the greatest common divisor of 30056 and 68?
68
Calculate the highest common factor of 260 and 455.
65
What is the highest common divisor of 120 and 165?
15
What is the greatest common divisor of 89 and 4?
1
Calculate the greatest common factor of 9 and 981.
9
What is the greatest common factor of 1917 and 568?
71
What is the greatest common divisor of 120 and 320?
40
What is the highest common factor of 59 and 5?
1
Calculate the greatest common factor of 11782 and 411.
137
Calculate the greatest common factor of 44387 and 119.
119
What is the greatest common factor of 49 and 7?
7
What is the greatest common divisor of 50 and 175?
25
What is the highest common factor of 20 and 164?
4
Calculate the highest common factor of 41 and 15047.
41
What is the highest common divisor of 215 and 5?
5
Calculate the highest common divisor of 261 and 348.
87
What is the highest common factor of 128 and 2784?
32
What is the highest common divisor of 679 and 14?
7
Calculate the highest common factor of 303 and 3.
3
Calculate the greatest common divisor of 966 and 224.
14
Calculate the highest common factor of 780 and 60.
60
What is the highest common factor of 13 and 871?
13
What is the highest common factor of 945 and 490?
35
What is the greatest common factor of 4661 and 316?
79
What is the greatest common factor of 42 and 14?
14
What is the highest common factor of 3204 and 36?
36
What is the highest common factor of 26 and 442?
26
What is the greatest common factor of 4 and 628?
4
Calculate the greatest common factor of 3290 and 70.
70
What is the highest common divisor of 34 and 663?
17
Calculate the highest common divisor of 23 and 1104.
23
Calculate the highest common divisor of 23660 and 130.
130
Calculate the greatest common factor of 396 and 8118.
198
Calculate the highest common factor of 84 and 5502.
42
What is the greatest common divisor of 2037 and 168?
21
What is the greatest common divisor of 1552 and 36?
4
Calculate the highest common divisor of 1227 and 6.
3
Calculate the highest common factor of 88 and 21164.
44
Calculate the highest common factor of 92 and 230.
46
Calculate the greatest common divisor of 552 and 40.
8
Calculate the greatest common divisor of 14 and 1407.
7
What is the greatest common factor of 108 and 18144?
108
Calculate the highest common factor of 656 and 123.
41
What is the greatest common factor of 8 and 76?
4
What is the greatest common divisor of 54 and 135?
27
Calculate the greatest common divisor 